{"id":168,"date":"2021-08-25T11:01:19","date_gmt":"2021-08-25T09:01:19","guid":{"rendered":"https:\/\/www.sersepanizzoni.it\/nuovosito\/?page_id=168"},"modified":"2021-08-25T18:46:25","modified_gmt":"2021-08-25T16:46:25","slug":"la-cura-della-persona","status":"publish","type":"page","link":"https:\/\/www.sersepanizzoni.it\/index.php\/la-cura-della-persona\/","title":{"rendered":"La cura della persona"},"content":{"rendered":"<p style=\"text-align: justify;\"><strong>Gli standard di qualit\u00e0.<\/strong><\/p>\n<p style=\"text-align: justify;\">L&#8217;obiettivo di fondo \u00e8 realizzare la piena soddisfazione dell\u2019ospite, attraverso il continuo e costante miglioramento dei servizi che gli vengono offerti.&nbsp;<br \/>\nGli standard di qualit\u00e0, dei quali assicura il rispetto, sono in continuo aggiornamento.<br \/>\nAgli ospiti della Casa di Riposo vengono garantite le seguenti prestazioni, con la filosofia di operare con professionalit\u00e0 e riservatezza.<\/p>\n<p style=\"text-align: justify;\"><em><strong>Tutti i servizi qui indicati sono compresi nella retta ed erogati senza necessit\u00e0 di supplementi o integrazioni tariffarie.<\/strong><\/em><\/p>\n<p style=\"text-align: justify;\"><strong>Ristorazione<\/strong><\/p>\n<p style=\"text-align: justify;\">Il servizio comprende colazione, pranzo e cena.&nbsp;<br \/>\nDurante la giornata vengono, inoltre, offerte bibite, succhi di frutta, bevande calde (the e caff\u00e8) e uno spuntino pomeridiano (yogurt e, nelle ricorrenze tradizionali, frittelle e altri&nbsp; dolci).<br \/>\nIl tutto, compatibilmente con le condizioni dell\u2019ospite.<br \/>\nIl men\u00f9, con ripetizione settimanale, viene approvato da un medico dietologo dell\u2019U.L.S.S. e comprende:<\/p>\n<ul style=\"text-align: justify;\">\n<li>almeno 2 variet\u00e0 giornaliere di men\u00f9;<\/li>\n<li>diete personalizzate per casi particolari.<\/li>\n<\/ul>\n<p style=\"text-align: justify;\">I pasti sono preparati nella cucina della Casa di Riposo, dotata di tutte le attrezzature necessarie a garantire un buon risultato, gestita da due cuochi e due aiutanti.<\/p>\n<p style=\"text-align: justify;\">E\u2019 assicurato il rispetto delle norme igieniche per i processi di produzione e distribuzione del vitto, come previsto dal D. Lgs n. 155\/97 (HACCP).<\/p>\n<p style=\"text-align: justify;\"><strong>Medicina di base<br \/>\n<\/strong><\/p>\n<p style=\"text-align: justify;\">Viene fornita da due medici di medicina generale, convenzionati con l\u2019ULSS, presenti nelle prime ore del mattino e del pomeriggio, dal luned\u00ec al venerd\u00ec ed il sabato mattina.<br \/>\nPer le urgenze gli stessi medici sono disponibili anche durante la giornata.<br \/>\nPer le emergenze notturne e festive l\u2019assistenza medica \u00e8 assicurata dalla guardia medica esterna su chiamata del personale dell\u2019Ente.<\/p>\n<p style=\"text-align: justify;\"><strong>Assistenza infermieristica<\/strong><\/p>\n<p style=\"text-align: justify;\">\u00c8 assicurata da infermieri professionali, forniti di strumentazioni e dotazioni adeguate, ininterrottamente nelle ventiquattro ore (anche nelle ore notturne).<\/p>\n<p style=\"text-align: justify;\">Tutti gli infermieri sono in possesso di diploma legalmente riconosciuto.<br \/>\nIl rapporto numerico tra infermieri e ospiti \u00e8 di un infermiere ogni quindici ospiti non auto sufficienti.<\/p>\n<p style=\"text-align: justify;\"><strong>&nbsp;<\/strong><\/p>\n<p style=\"text-align: justify;\"><strong>Fisioterapia<\/strong><\/p>\n<p style=\"text-align: justify;\">E\u2019 assicurata da un fisioterapista qualificato dal luned\u00ec al venerd\u00ec, che effettua riabilitazione attiva e passiva, con l\u2019ausilio di strumentazione specifica.<\/p>\n<p style=\"text-align: justify;\"><strong>&nbsp;<\/strong><\/p>\n<p style=\"text-align: justify;\"><strong>Assistenza alla persona<\/strong><\/p>\n<p style=\"text-align: justify;\">L\u2019assistenza alla persona viene erogata ininterrottamente 24 ore al giorno, da operatori qualificati.&nbsp;<br \/>\nIl rapporto tra numero di operatori addetti all\u2019assistenza e il numero di ospiti \u00e8 di 2 operatori ogni 5 ospiti non autosufficienti e di 1 operatore ogni 15 ospiti autosufficienti.<\/p>\n<p style=\"text-align: justify;\">L\u2019operatore svolge, in collaborazione e sotto la supervisione della coordinatrice e dei capi settore, tutte le attivit\u00e0 che l\u2019ospite non \u00e8 pi\u00f9 in grado di eseguire, sostituendosi a lui quando \u00e8 necessario, ma stimolandolo a mantenere le proprie capacit\u00e0 residue, per quanto possibile.<br \/>\nTali compiti consistono principalmente in:<\/p>\n<ul style=\"text-align: justify;\">\n<li>attivit\u00e0 quotidiana di alzata, comprendenti l\u2019igiene personale e la vestizione;<\/li>\n<li>bagno completo assistito in vasca, garantito tre volte al mese, sostituito da spugnatura igienica completa nel caso di ospiti allettati;<\/li>\n<li>accompagnamento nella deambulazione dell\u2019ospite e corretto utilizzo degli ausili (quali girelli, ecc..);<\/li>\n<li>interventi di mobilizzazione programmati per evitare i rischi di allettamento (pieghe da decubito, problemi respiratori, ecc..);<\/li>\n<li>gestione dei casi di incontinenza con cambi programmati e comunque in caso di bisogno.<\/li>\n<\/ul>\n<div style=\"text-align: justify;\"><span style=\"line-height: 19px;\">&nbsp;<\/span><\/div>\n<p style=\"text-align: justify;\"><strong>Pulizie degli ambienti.&nbsp;<br \/>\n<\/strong><\/p>\n<p style=\"text-align: justify;\">La pulizia degli ambienti viene assicurata:<\/p>\n<ul style=\"text-align: justify;\">\n<li>da ditta esterna, per la pulizia delle camere degli ospiti e degli spazi comuni;<\/li>\n<li>da personale dipendente della Casa di Riposo, per i rimanenti spazi.<\/li>\n<\/ul>\n<p style=\"text-align: justify;\">Con cadenza trimestrale si effettua un\u2019accurata pulizia generale.<\/p>\n<p style=\"text-align: justify;\"><strong>&nbsp;<\/strong><\/p>\n<p style=\"text-align: justify;\"><strong>Lavanderia e guardaroba<\/strong><\/p>\n<p style=\"text-align: justify;\">Il servizio lavanderia e guardaroba, per tutta la biancheria dell\u2019ospite, \u00e8 gestito direttamente all\u2019interno della struttura; per la biancheria da letto \u00e8 incaricata una ditta esterna.<\/p>\n<p style=\"text-align: justify;\"><strong>Parrucchiera e pedicure<\/strong><\/p>\n<p style=\"text-align: justify;\">L\u2019attivit\u00e0 \u00e8 a frequenza settimanale. E\u2019 incaricato un professionista esterno.<\/p>\n<p style=\"text-align: justify;\"><strong>&nbsp;<\/strong><\/p>\n<p style=\"text-align: justify;\"><strong>Uso del telefono<\/strong><\/p>\n<p style=\"text-align: justify;\">Esistono telefoni mobili collegati alla rete esterna e interna (tipo cordless) per le necessit\u00e0 degli ospiti.<\/p>\n<p style=\"text-align: justify;\"><strong>&nbsp;<\/strong><\/p>\n<p style=\"text-align: justify;\"><strong>Assistenza religiosa<\/strong><\/p>\n<p style=\"text-align: justify;\">E\u2019 assicurata da un sacerdote e da alcune suore che animano i vari appuntamenti religiosi:<\/p>\n<ul style=\"text-align: justify;\">\n<li>preghiere del mattino;<\/li>\n<li>rosario quotidiano;<\/li>\n<li>S.S. Messe nei giorni della settimana prestabiliti e il sabato pomeriggio;<\/li>\n<li>altre funzioni religiose durante l\u2019anno.<\/li>\n<\/ul>\n<p style=\"text-align: justify;\"><strong>&nbsp;<\/strong><\/p>\n<p style=\"text-align: justify;\"><strong>Attivit\u00e0 di animazione<\/strong><\/p>\n<p style=\"text-align: justify;\">\u00c8 assicurata da un Educatore Professionale Animatore (in possesso del diploma richiesto) che, per il benessere psico-sociale degli ospiti residenti, interagisce anche con la comunit\u00e0 esterna per organizzare:<\/p>\n<ul style=\"text-align: justify;\">\n<li>feste dei compleanni, a frequenza mensile;<\/li>\n<li>feste stagionali;<\/li>\n<li>gite e brevi uscite in paese o dintorni.<\/li>\n<\/ul>\n<p style=\"text-align: justify;\">Con frequenza settimanale sono organizzate:<\/p>\n<ul>\n<li style=\"text-align: justify;\">attivit\u00e0 ludiche, culturali e di socializzazione come giochi, canto, ballo, letture;<\/li>\n<li style=\"text-align: justify;\">colloqui individuali e\/o attivit\u00e0 di ascolto;<\/li>\n<li style=\"text-align: justify;\">attivit\u00e0 di gruppo per l\u2019orientamento spazio-temporale,<\/li>\n<li style=\"text-align: justify;\">attivit\u00e0 artigianali e manuali.<\/li>\n<\/ul>\n","protected":false},"excerpt":{"rendered":"<p>Gli standard di qualit\u00e0. L&#8217;obiettivo di fondo \u00e8 realizzare la piena soddisfazione dell\u2019ospite, attraverso il continuo e costante miglioramento dei servizi che gli vengono offerti.<\/p>\n","protected":false},"author":1,"featured_media":0,"parent":0,"menu_order":0,"comment_status":"closed","ping_status":"closed","template":"","meta":{"ngg_post_thumbnail":0,"footnotes":""},"tags":[],"class_list":["post-168","page","type-page","status-publish","hentry"],"_links":{"self":[{"href":"https:\/\/www.sersepanizzoni.it\/index.php\/wp-json\/wp\/v2\/pages\/168","targetHints":{"allow":["GET"]}}],"collection":[{"href":"https:\/\/www.sersepanizzoni.it\/index.php\/wp-json\/wp\/v2\/pages"}],"about":[{"href":"https:\/\/www.sersepanizzoni.it\/index.php\/wp-json\/wp\/v2\/types\/page"}],"author":[{"embeddable":true,"href":"https:\/\/www.sersepanizzoni.it\/index.php\/wp-json\/wp\/v2\/users\/1"}],"replies":[{"embeddable":true,"href":"https:\/\/www.sersepanizzoni.it\/index.php\/wp-json\/wp\/v2\/comments?post=168"}],"version-history":[{"count":3,"href":"https:\/\/www.sersepanizzoni.it\/index.php\/wp-json\/wp\/v2\/pages\/168\/revisions"}],"predecessor-version":[{"id":228,"href":"https:\/\/www.sersepanizzoni.it\/index.php\/wp-json\/wp\/v2\/pages\/168\/revisions\/228"}],"wp:attachment":[{"href":"https:\/\/www.sersepanizzoni.it\/index.php\/wp-json\/wp\/v2\/media?parent=168"}],"wp:term":[{"taxonomy":"post_tag","embeddable":true,"href":"https:\/\/www.sersepanizzoni.it\/index.php\/wp-json\/wp\/v2\/tags?post=168"}],"curies":[{"name":"wp","href":"https:\/\/api.w.org\/{rel}","templated":true}]}}

<p style="text-align: justify;"><strong>Gli standard di qualità.</strong></p>
<p style="text-align: justify;">L&#8217;obiettivo di fondo è realizzare la piena soddisfazione dell’ospite, attraverso il continuo e costante miglioramento dei servizi che gli vengono offerti.&nbsp;<br />
Gli standard di qualità, dei quali assicura il rispetto, sono in continuo aggiornamento.<br />
Agli ospiti della Casa di Riposo vengono garantite le seguenti prestazioni, con la filosofia di operare con professionalità e riservatezza.</p>
<p style="text-align: justify;"><em><strong>Tutti i servizi qui indicati sono compresi nella retta ed erogati senza necessità di supplementi o integrazioni tariffarie.</strong></em></p>
<p style="text-align: justify;"><strong>Ristorazione</strong></p>
<p style="text-align: justify;">Il servizio comprende colazione, pranzo e cena.&nbsp;<br />
Durante la giornata vengono, inoltre, offerte bibite, succhi di frutta, bevande calde (the e caffè) e uno spuntino pomeridiano (yogurt e, nelle ricorrenze tradizionali, frittelle e altri&nbsp; dolci).<br />
Il tutto, compatibilmente con le condizioni dell’ospite.<br />
Il menù, con ripetizione settimanale, viene approvato da un medico dietologo dell’U.L.S.S. e comprende:</p>
<ul style="text-align: justify;">
<li>almeno 2 varietà giornaliere di menù;</li>
<li>diete personalizzate per casi particolari.</li>
</ul>
<p style="text-align: justify;">I pasti sono preparati nella cucina della Casa di Riposo, dotata di tutte le attrezzature necessarie a garantire un buon risultato, gestita da due cuochi e due aiutanti.</p>
<p style="text-align: justify;">E’ assicurato il rispetto delle norme igieniche per i processi di produzione e distribuzione del vitto, come previsto dal D. Lgs n. 155/97 (HACCP).</p>
<p style="text-align: justify;"><strong>Medicina di base<br />
</strong></p>
<p style="text-align: justify;">Viene fornita da due medici di medicina generale, convenzionati con l’ULSS, presenti nelle prime ore del mattino e del pomeriggio, dal lunedì al venerdì ed il sabato mattina.<br />
Per le urgenze gli stessi medici sono disponibili anche durante la giornata.<br />
Per le emergenze notturne e festive l’assistenza medica è assicurata dalla guardia medica esterna su chiamata del personale dell’Ente.</p>
<p style="text-align: justify;"><strong>Assistenza infermieristica</strong></p>
<p style="text-align: justify;">È assicurata da infermieri professionali, forniti di strumentazioni e dotazioni adeguate, ininterrottamente nelle ventiquattro ore (anche nelle ore notturne).</p>
<p style="text-align: justify;">Tutti gli infermieri sono in possesso di diploma legalmente riconosciuto.<br />
Il rapporto numerico tra infermieri e ospiti è di un infermiere ogni quindici ospiti non auto sufficienti.</p>
<p style="text-align: justify;"><strong>&nbsp;</strong></p>
<p style="text-align: justify;"><strong>Fisioterapia</strong></p>
<p style="text-align: justify;">E’ assicurata da un fisioterapista qualificato dal lunedì al venerdì, che effettua riabilitazione attiva e passiva, con l’ausilio di strumentazione specifica.</p>
<p style="text-align: justify;"><strong>&nbsp;</strong></p>
<p style="text-align: justify;"><strong>Assistenza alla persona</strong></p>
<p style="text-align: justify;">L’assistenza alla persona viene erogata ininterrottamente 24 ore al giorno, da operatori qualificati.&nbsp;<br />
Il rapporto tra numero di operatori addetti all’assistenza e il numero di ospiti è di 2 operatori ogni 5 ospiti non autosufficienti e di 1 operatore ogni 15 ospiti autosufficienti.</p>
<p style="text-align: justify;">L’operatore svolge, in collaborazione e sotto la supervisione della coordinatrice e dei capi settore, tutte le attività che l’ospite non è più in grado di eseguire, sostituendosi a lui quando è necessario, ma stimolandolo a mantenere le proprie capacità residue, per quanto possibile.<br />
Tali compiti consistono principalmente in:</p>
<ul style="text-align: justify;">
<li>attività quotidiana di alzata, comprendenti l’igiene personale e la vestizione;</li>
<li>bagno completo assistito in vasca, garantito tre volte al mese, sostituito da spugnatura igienica completa nel caso di ospiti allettati;</li>
<li>accompagnamento nella deambulazione dell’ospite e corretto utilizzo degli ausili (quali girelli, ecc..);</li>
<li>interventi di mobilizzazione programmati per evitare i rischi di allettamento (pieghe da decubito, problemi respiratori, ecc..);</li>
<li>gestione dei casi di incontinenza con cambi programmati e comunque in caso di bisogno.</li>
</ul>
<div style="text-align: justify;"><span style="line-height: 19px;">&nbsp;</span></div>
<p style="text-align: justify;"><strong>Pulizie degli ambienti.&nbsp;<br />
</strong></p>
<p style="text-align: justify;">La pulizia degli ambienti viene assicurata:</p>
<ul style="text-align: justify;">
<li>da ditta esterna, per la pulizia delle camere degli ospiti e degli spazi comuni;</li>
<li>da personale dipendente della Casa di Riposo, per i rimanenti spazi.</li>
</ul>
<p style="text-align: justify;">Con cadenza trimestrale si effettua un’accurata pulizia generale.</p>
<p style="text-align: justify;"><strong>&nbsp;</strong></p>
<p style="text-align: justify;"><strong>Lavanderia e guardaroba</strong></p>
<p style="text-align: justify;">Il servizio lavanderia e guardaroba, per tutta la biancheria dell’ospite, è gestito direttamente all’interno della struttura; per la biancheria da letto è incaricata una ditta esterna.</p>
<p style="text-align: justify;"><strong>Parrucchiera e pedicure</strong></p>
<p style="text-align: justify;">L’attività è a frequenza settimanale. E’ incaricato un professionista esterno.</p>
<p style="text-align: justify;"><strong>&nbsp;</strong></p>
<p style="text-align: justify;"><strong>Uso del telefono</strong></p>
<p style="text-align: justify;">Esistono telefoni mobili collegati alla rete esterna e interna (tipo cordless) per le necessità degli ospiti.</p>
<p style="text-align: justify;"><strong>&nbsp;</strong></p>
<p style="text-align: justify;"><strong>Assistenza religiosa</strong></p>
<p style="text-align: justify;">E’ assicurata da un sacerdote e da alcune suore che animano i vari appuntamenti religiosi:</p>
<ul style="text-align: justify;">
<li>preghiere del mattino;</li>
<li>rosario quotidiano;</li>
<li>S.S. Messe nei giorni della settimana prestabiliti e il sabato pomeriggio;</li>
<li>altre funzioni religiose durante l’anno.</li>
</ul>
<p style="text-align: justify;"><strong>&nbsp;</strong></p>
<p style="text-align: justify;"><strong>Attività di animazione</strong></p>
<p style="text-align: justify;">È assicurata da un Educatore Professionale Animatore (in possesso del diploma richiesto) che, per il benessere psico-sociale degli ospiti residenti, interagisce anche con la comunità esterna per organizzare:</p>
<ul style="text-align: justify;">
<li>feste dei compleanni, a frequenza mensile;</li>
<li>feste stagionali;</li>
<li>gite e brevi uscite in paese o dintorni.</li>
</ul>
<p style="text-align: justify;">Con frequenza settimanale sono organizzate:</p>
<ul>
<li style="text-align: justify;">attività ludiche, culturali e di socializzazione come giochi, canto, ballo, letture;</li>
<li style="text-align: justify;">colloqui individuali e/o attività di ascolto;</li>
<li style="text-align: justify;">attività di gruppo per l’orientamento spazio-temporale,</li>
<li style="text-align: justify;">attività artigianali e manuali.</li>
</ul>

<p>Gli standard di qualità. L&#8217;obiettivo di fondo è realizzare la piena soddisfazione dell’ospite, attraverso il continuo e costante miglioramento dei servizi che gli vengono offerti.</p>
